{"id":1139,"date":"2023-10-01T07:14:52","date_gmt":"2023-10-01T05:14:52","guid":{"rendered":"https:\/\/www.spielmannszug-greffen.de\/?page_id=1139"},"modified":"2024-05-05T14:17:38","modified_gmt":"2024-05-05T12:17:38","slug":"aufnahmeantragfm","status":"publish","type":"page","link":"https:\/\/www.spielmannszug-greffen.de\/?page_id=1139","title":{"rendered":"F\u00f6rderer"},"content":{"rendered":"\n<p><strong>Warum f\u00f6rdernde Mitglieder??<\/strong><br>Ohne f\u00f6rdernde Mitglieder und freiwillige Spenden k\u00f6nnen wir unsere gemeinn\u00fctzige Kulturarbeit in unserem Dorf und den umliegenden befreundeten St\u00e4dten nicht durchf\u00fchren.<br>Unterst\u00fctze uns mit einem Jahresbeitrag von mind. 6,00 EUR oder einem Betrag deiner Wahl und werde f\u00f6rderndes Mitglied in unserem Verein!<\/p>\n\n\n\n<p><strong>Was habe ich davon?<\/strong><br>Du kannst uns und der Gemeinschaft etwas Gutes tun, damit es auch weiterhin Musik auf Festen und Veranstaltungen gibt, ohne selbst aktiv zu sein, weil du z.B. anderweitig zu stark eingebunden bist.<\/p>\n\n\n\n<p>F\u00fcr den einzelnen Spender sicherlich eine \u00fcberschaubare Belastung. F\u00fcr uns im Verein in der Summenwirkung, jedoch eine stabile, notwendige finanzielle Hilfe.<\/p>\n\n\n\n<p class=\"has-text-align-center\"><strong>Wir sagen DANKE!<\/strong><\/p>\n\n\n\n<hr class=\"wp-block-separator has-alpha-channel-opacity\"\/>\n\n\n\n<h2 class=\"wp-block-heading\">Aufnahmeantrag f\u00fcr f\u00f6rdernde Mitglieder<\/h2>\n\n\n\n<p>Die f\u00f6rdernde Mitgliedschaft gilt bis zum schriftlichen Widerruf und tritt erst nach <strong><em>Pr\u00fcfung und R\u00fcckmeldung<\/em><\/strong> durch den Spielmannszug &#8222;In Treue fest&#8220; Greffen e.V. in Kraft.<\/p>\n\n\n<div class=\"wpforms-container wpforms-container-full wpforms-block wpforms-block-f760c3c5-e2cc-423d-bbef-3609a2b99d0b wpforms-render-modern\" id=\"wpforms-1137\"><form id=\"wpforms-form-1137\" class=\"wpforms-validate wpforms-form wpforms-ajax-form\" data-formid=\"1137\" method=\"post\" enctype=\"multipart\/form-data\" action=\"\/index.php?rest_route=%2Fwp%2Fv2%2Fpages%2F1139\" data-token=\"cf27bc0f62f98ce383dbdd3562441d27\" data-token-time=\"1776507233\"><noscript class=\"wpforms-error-noscript\">Bitte aktiviere JavaScript in deinem Browser, um dieses Formular fertigzustellen.<\/noscript><div id=\"wpforms-error-noscript\" style=\"display: none;\">Bitte aktiviere JavaScript in deinem Browser, um dieses Formular fertigzustellen.<\/div><div class=\"wpforms-field-container\"><div id=\"wpforms-1137-field_0-container\" class=\"wpforms-field wpforms-field-name\" data-field-id=\"0\"><fieldset><legend class=\"wpforms-field-label\">Name <span class=\"wpforms-required-label\" aria-hidden=\"true\">*<\/span><\/legend><div class=\"wpforms-field-row wpforms-field-medium\"><div class=\"wpforms-field-row-block wpforms-first wpforms-one-half\"><input type=\"text\" id=\"wpforms-1137-field_0\" class=\"wpforms-field-name-first wpforms-field-required\" name=\"wpforms[fields][0][first]\" aria-errormessage=\"wpforms-1137-field_0-error\" required><label for=\"wpforms-1137-field_0\" class=\"wpforms-field-sublabel after\">Vorname<\/label><\/div><div class=\"wpforms-field-row-block wpforms-one-half\"><input type=\"text\" id=\"wpforms-1137-field_0-last\" class=\"wpforms-field-name-last wpforms-field-required\" name=\"wpforms[fields][0][last]\" aria-errormessage=\"wpforms-1137-field_0-last-error\" required><label for=\"wpforms-1137-field_0-last\" class=\"wpforms-field-sublabel after\">Nachname<\/label><\/div><\/div><\/fieldset><\/div><div id=\"wpforms-1137-field_3-container\" class=\"wpforms-field wpforms-field-text\" data-field-id=\"3\"><label class=\"wpforms-field-label\" for=\"wpforms-1137-field_3\">Stra\u00dfe <span class=\"wpforms-required-label\" aria-hidden=\"true\">*<\/span><\/label><input type=\"text\" id=\"wpforms-1137-field_3\" class=\"wpforms-field-medium wpforms-field-required\" name=\"wpforms[fields][3]\" aria-errormessage=\"wpforms-1137-field_3-error\" required><\/div><div id=\"wpforms-1137-field_5-container\" class=\"wpforms-field wpforms-field-number\" data-field-id=\"5\"><label class=\"wpforms-field-label\" for=\"wpforms-1137-field_5\">Postleitzahl <span class=\"wpforms-required-label\" aria-hidden=\"true\">*<\/span><\/label><input type=\"number\" id=\"wpforms-1137-field_5\" class=\"wpforms-field-small wpforms-field-required\" name=\"wpforms[fields][5]\" step=\"any\" aria-errormessage=\"wpforms-1137-field_5-error\" required><\/div><div id=\"wpforms-1137-field_6-container\" class=\"wpforms-field wpforms-field-text\" data-field-id=\"6\"><label class=\"wpforms-field-label\" for=\"wpforms-1137-field_6\">Ort <span class=\"wpforms-required-label\" aria-hidden=\"true\">*<\/span><\/label><input type=\"text\" id=\"wpforms-1137-field_6\" class=\"wpforms-field-medium wpforms-field-required\" name=\"wpforms[fields][6]\" aria-errormessage=\"wpforms-1137-field_6-error\" required><\/div><div id=\"wpforms-1137-field_9-container\" class=\"wpforms-field wpforms-field-text\" data-field-id=\"9\"><label class=\"wpforms-field-label\" for=\"wpforms-1137-field_9\">Geburtsdatum <span class=\"wpforms-required-label\" aria-hidden=\"true\">*<\/span><\/label><input type=\"text\" id=\"wpforms-1137-field_9\" class=\"wpforms-field-medium wpforms-field-required\" name=\"wpforms[fields][9]\" aria-errormessage=\"wpforms-1137-field_9-error\" aria-describedby=\"wpforms-1137-field_9-description\" required><div id=\"wpforms-1137-field_9-description\" class=\"wpforms-field-description\">(Bsp. 01.01.1970)<\/div><\/div><div id=\"wpforms-1137-field_8-container\" class=\"wpforms-field wpforms-field-number\" data-field-id=\"8\"><label class=\"wpforms-field-label\" for=\"wpforms-1137-field_8\">Telefon-Nummer <span class=\"wpforms-required-label\" aria-hidden=\"true\">*<\/span><\/label><input type=\"number\" id=\"wpforms-1137-field_8\" class=\"wpforms-field-medium wpforms-field-required\" name=\"wpforms[fields][8]\" step=\"any\" aria-errormessage=\"wpforms-1137-field_8-error\" aria-describedby=\"wpforms-1137-field_8-description\" required><div id=\"wpforms-1137-field_8-description\" class=\"wpforms-field-description\">(Ohne Sonderzeichen &#8211; Bsp.: 025889999 oder 0170123456789)<\/div><\/div><div id=\"wpforms-1137-field_1-container\" class=\"wpforms-field wpforms-field-email\" data-field-id=\"1\"><label class=\"wpforms-field-label\" for=\"wpforms-1137-field_1\">E-Mail <span class=\"wpforms-required-label\" aria-hidden=\"true\">*<\/span><\/label><input type=\"email\" id=\"wpforms-1137-field_1\" class=\"wpforms-field-medium wpforms-field-required\" name=\"wpforms[fields][1]\" spellcheck=\"false\" aria-errormessage=\"wpforms-1137-field_1-error\" required><\/div><div id=\"wpforms-1137-field_20-container\" class=\"wpforms-field wpforms-field-text\" data-field-id=\"20\"><label class=\"wpforms-field-label\" for=\"wpforms-1137-field_20\">Jahresbeitrag<\/label><input type=\"text\" id=\"wpforms-1137-field_20\" class=\"wpforms-field-medium wpforms-limit-characters-enabled\" data-form-id=\"1137\" data-field-id=\"20\" data-text-limit=\"10\" name=\"wpforms[fields][20]\" value=\"6 \u20ac\" aria-errormessage=\"wpforms-1137-field_20-error\" aria-describedby=\"wpforms-1137-field_20-description\" maxlength=\"10\" ><div id=\"wpforms-1137-field_20-description\" class=\"wpforms-field-description\">Unterst\u00fctze uns mit einem Jahresbeitrag von mind. 6,00 EUR oder einem Betrag deiner Wahl!<\/div><\/div><div id=\"wpforms-1137-field_13-container\" class=\"wpforms-field wpforms-field-text\" data-field-id=\"13\"><label class=\"wpforms-field-label\" for=\"wpforms-1137-field_13\">IBAN: <span class=\"wpforms-required-label\" aria-hidden=\"true\">*<\/span><\/label><input type=\"text\" id=\"wpforms-1137-field_13\" class=\"wpforms-field-medium wpforms-field-required\" name=\"wpforms[fields][13]\" aria-errormessage=\"wpforms-1137-field_13-error\" aria-describedby=\"wpforms-1137-field_13-description\" required><div id=\"wpforms-1137-field_13-description\" class=\"wpforms-field-description\">(Bsp. DE121234123411)<\/div><\/div><div id=\"wpforms-1137-field_14-container\" class=\"wpforms-field wpforms-field-text\" data-field-id=\"14\"><label class=\"wpforms-field-label\" for=\"wpforms-1137-field_14\">Bank: <span class=\"wpforms-required-label\" aria-hidden=\"true\">*<\/span><\/label><input type=\"text\" id=\"wpforms-1137-field_14\" class=\"wpforms-field-medium wpforms-field-required\" name=\"wpforms[fields][14]\" aria-errormessage=\"wpforms-1137-field_14-error\" required><\/div><div id=\"wpforms-1137-field_15-container\" class=\"wpforms-field wpforms-field-text\" data-field-id=\"15\"><label class=\"wpforms-field-label\" for=\"wpforms-1137-field_15\">Kontoinhaber <span class=\"wpforms-required-label\" aria-hidden=\"true\">*<\/span><\/label><input type=\"text\" id=\"wpforms-1137-field_15\" class=\"wpforms-field-medium wpforms-field-required\" name=\"wpforms[fields][15]\" aria-errormessage=\"wpforms-1137-field_15-error\" required><\/div><div id=\"wpforms-1137-field_17-container\" class=\"wpforms-field wpforms-field-checkbox\" data-field-id=\"17\"><fieldset><legend class=\"wpforms-field-label\">Die Datenschutzbestimmung sowie die Informationen zum SEPA-Lastschriftmandat im Verlauf dieser Seite habe ich zur Kenntnis genommen! <span class=\"wpforms-required-label\" aria-hidden=\"true\">*<\/span><\/legend><ul id=\"wpforms-1137-field_17\" class=\"wpforms-field-required\"><li class=\"choice-1 depth-1\"><input type=\"checkbox\" id=\"wpforms-1137-field_17_1\" name=\"wpforms[fields][17][]\" value=\"Ja, einverstanden.\" aria-errormessage=\"wpforms-1137-field_17_1-error\" required ><label class=\"wpforms-field-label-inline\" for=\"wpforms-1137-field_17_1\">Ja, einverstanden.<\/label><\/li><\/ul><\/fieldset><\/div><div id=\"wpforms-1137-field_2-container\" class=\"wpforms-field wpforms-field-textarea\" data-field-id=\"2\"><label class=\"wpforms-field-label\" for=\"wpforms-1137-field_2\">Gern hinterlasse uns hier noch eine Nachricht:<\/label><textarea id=\"wpforms-1137-field_2\" class=\"wpforms-field-medium\" name=\"wpforms[fields][2]\" aria-errormessage=\"wpforms-1137-field_2-error\" ><\/textarea><\/div><\/div><!-- .wpforms-field-container --><div class=\"wpforms-submit-container\" ><input type=\"hidden\" name=\"wpforms[id]\" value=\"1137\"><input type=\"hidden\" name=\"page_title\" value=\"\"><input type=\"hidden\" name=\"page_url\" value=\"https:\/\/www.spielmannszug-greffen.de\/index.php?rest_route=\/wp\/v2\/pages\/1139\"><input type=\"hidden\" name=\"url_referer\" value=\"\"><button type=\"submit\" name=\"wpforms[submit]\" id=\"wpforms-submit-1137\" class=\"wpforms-submit\" data-alt-text=\"Senden\u2026\" data-submit-text=\"Absenden\" aria-live=\"assertive\" value=\"wpforms-submit\">Absenden<\/button><img loading=\"lazy\" decoding=\"async\" src=\"https:\/\/www.spielmannszug-greffen.de\/wp-content\/plugins\/wpforms-lite\/assets\/images\/submit-spin.svg\" class=\"wpforms-submit-spinner\" style=\"display: none;\" width=\"26\" height=\"26\" alt=\"Wird geladen\"><\/div><\/form><\/div>  <!-- .wpforms-container -->\n\n\n<hr class=\"wp-block-separator has-alpha-channel-opacity\"\/>\n\n\n\n<h1 class=\"wp-block-heading\">INFO zum SEPA &#8211; Lastschriftmandat:<\/h1>\n\n\n\n<p>Ich erm\u00e4chtige den Spielmannszug \u201eIn Treue fest\u201c Greffen e.V., den Jahresbeitrag von meinem Konto mittels Lastschrift einzuziehen. Zugleich weise ich mein Kreditinstitut an, die vom Spielmannszug \u201eIn Treue fest\u201c Greffen e.V. angek\u00fcndigte Lastschrift einzul\u00f6sen.<br>Der Verein wird den Mitgliedsbeitrag zum 10. Mai eines jeden Jahres meinem Konto belasten. F\u00e4llt der F\u00e4lligkeitstag auf ein Wochenende oder Feiertag, verschiebt sich der Einzug auf den ersten folgenden Bankarbeitstag.<br>HINWEIS: Ich kann innerhalb von acht Wochen, beginnend mit dem Belastungsdatum, die Erstattung des belasteten Betrages verlangen Es gelten dabei die mit meinem Kreditinstitut vereinbarten Bedingungen.<br>\u00c4nderungen der Bankverbindung sind dem Vereinsvorstand mitzuteilen. Sollten dem Verein dennoch Kosten entstehen, z.B. Mangels Deckung oder Erl\u00f6s eines Kontos, tr\u00e4gt das verursachende f\u00f6rdernde Mitglied die tats\u00e4chlichen Kosten f\u00fcr die R\u00fcckbuchung der Lastschrift.<\/p>\n\n\n\n<p><strong><em>Der aktuelle F\u00f6rderbeitrag pro Jahr betr\u00e4gt mindestens 6,00 EUR, bzw. den Betrag deiner Wahl!<\/em><\/strong><\/p>\n\n\n\n<p>Gl\u00e4ubiger ID des Spielmannszug \u201eIn Treue fest\u201c Greffen e.V.: DE31ZZZ00002529171<br>Mandatsreferenz: Mitgliedsnummer des f\u00f6rdernden Mitglieds<\/p>\n\n\n\n<hr class=\"wp-block-separator has-alpha-channel-opacity\"\/>\n\n\n\n<h1 class=\"wp-block-heading\">Datenschutzerkl\u00e4rung<\/h1>\n\n\n\n<p>(1) Zur Erf\u00fcllung der satzungsgem\u00e4\u00dfen Aufgaben des Vereines und der Verpflichtungen, die sich aus der Mitgliedschaft in Verb\u00e4nden ergeben, werden im Verein unter Beachtung der rechtlichen Vorschriften, insbesondere der EU Datenschutzgrundverordnung (DSGVO) sowie des Bundesdatenschutzgesetzes neue Fassung (BDSG) folgende personenbezogene Daten von f\u00f6rdernden Mitglieder digital gespeichert:<\/p>\n\n\n\n<ul class=\"wp-block-list\">\n<li>Vorname,<\/li>\n\n\n\n<li>Name,<\/li>\n\n\n\n<li>Adresse,<\/li>\n\n\n\n<li>Geburtsdatum<\/li>\n<\/ul>\n\n\n\n<p>(2) Den Organen des Vereins, allen Mitarbeitern oder sonst f\u00fcr den Verein T\u00e4tigen ist es untersagt, personenbezogene Daten unbefugt zu anderen als dem zur jeweiligen Aufgabenerf\u00fcllung geh\u00f6renden Zweck zu verarbeiten, bekannt zu geben, Dritten zug\u00e4nglich zu machen oder sonst zu nutzen. Diese Pflicht besteht auch nach dem Ausscheiden des Mitglieds aus dem Verein fort.<\/p>\n\n\n\n<p>(3) Durch ihre Mitgliedschaft und die damit verbundene Anerkennung dieser Satzung stimmen die Mitglieder der Verarbeitung (Erheben, Erfassen, Organisieren, Ordnen, Speichern, Anpassen, Ver\u00e4ndern, Auslesen, Abfragen, Verwenden, Offenlegen, \u00dcbermitteln, Verbreiten, Abgleichen, Verkn\u00fcpfen, Einschr\u00e4nken, L\u00f6schen, Vernichten) ihrer personenbezogenen Daten in dem vorgenannten Ausma\u00df und Umfang zu. Eine anderweitige, \u00fcber die Erf\u00fcllung seiner satzungsgem\u00e4\u00dfen Aufgaben und Zwecke hinausgehende<\/p>\n\n\n\n<p>(4) Datenverwendung ist dem Verein abgesehen von einer ausdr\u00fccklichen Einwilligung nur erlaubt, sofern er aufgrund einer rechtlichen Verpflichtung, der Erf\u00fcllung eines Vertrages oder zur Wahrung berechtigter Interessen, sofern nicht die Interessen der betroffenen Personen \u00fcberwiegen, hierzu verpflichtet ist. Ein Datenverkauf ist nicht statthaft.<\/p>\n\n\n\n<p>(5) Jedes Mitglied hat im Rahmen der rechtlichen Vorschriften, insbesondere der DSGVO und des BDSG, das Recht auf Auskunft \u00fcber die zu seiner Person gespeicherten Daten, deren Empf\u00e4nger und den Zweck der Speicherung sowie auf Berichtigung, L\u00f6schung oder Sperrung, Einschr\u00e4nkung, Widerspruch und \u00dcbertragbarkeit seiner Daten.<\/p>\n\n\n\n<p>(6) Bei Beendigung der Mitgliedschaft werden personenbezogene Daten gel\u00f6scht, sobald ihre Kenntnis nicht mehr erforderlich ist. Daten, die einer gesetzlichen oder satzungsm\u00e4\u00dfigen Aufbewahrungspflicht unterliegen, werden f\u00fcr die weitere Verwendung gesperrt und nach Ablauf der Aufbewahrungspflicht gel\u00f6scht.<\/p>\n\n\n\n<p>(7) Die Vereins und personenbezogenen Daten werden durch geeignete technische und organisatorische Ma\u00dfnahmen vor dem Zugriff Dritter gesch\u00fctzt.<\/p>\n","protected":false},"excerpt":{"rendered":"<p>Warum f\u00f6rdernde Mitglieder??Ohne f\u00f6rdernde Mitglieder und freiwillige Spenden k\u00f6nnen wir unsere gemeinn\u00fctzige Kulturarbeit in unserem Dorf und den umliegenden befreundeten St\u00e4dten nicht durchf\u00fchren.Unterst\u00fctze uns mit einem Jahresbeitrag von mind. 6,00 EUR oder einem Betrag deiner Wahl und werde f\u00f6rderndes Mitglied&#8230;<br \/><a class=\"read-more-button\" href=\"https:\/\/www.spielmannszug-greffen.de\/?page_id=1139\">Mehr Lesen<\/a><\/p>\n","protected":false},"author":1,"featured_media":0,"parent":0,"menu_order":2,"comment_status":"closed","ping_status":"closed","template":"","meta":{"footnotes":""},"class_list":["post-1139","page","type-page","status-publish","hentry"],"_links":{"self":[{"href":"https:\/\/www.spielmannszug-greffen.de\/index.php?rest_route=\/wp\/v2\/pages\/1139","targetHints":{"allow":["GET"]}}],"collection":[{"href":"https:\/\/www.spielmannszug-greffen.de\/index.php?rest_route=\/wp\/v2\/pages"}],"about":[{"href":"https:\/\/www.spielmannszug-greffen.de\/index.php?rest_route=\/wp\/v2\/types\/page"}],"author":[{"embeddable":true,"href":"https:\/\/www.spielmannszug-greffen.de\/index.php?rest_route=\/wp\/v2\/users\/1"}],"replies":[{"embeddable":true,"href":"https:\/\/www.spielmannszug-greffen.de\/index.php?rest_route=%2Fwp%2Fv2%2Fcomments&post=1139"}],"version-history":[{"count":9,"href":"https:\/\/www.spielmannszug-greffen.de\/index.php?rest_route=\/wp\/v2\/pages\/1139\/revisions"}],"predecessor-version":[{"id":1269,"href":"https:\/\/www.spielmannszug-greffen.de\/index.php?rest_route=\/wp\/v2\/pages\/1139\/revisions\/1269"}],"wp:attachment":[{"href":"https:\/\/www.spielmannszug-greffen.de\/index.php?rest_route=%2Fwp%2Fv2%2Fmedia&parent=1139"}],"curies":[{"name":"wp","href":"https:\/\/api.w.org\/{rel}","templated":true}]}}