{"id":14,"date":"2015-03-28T21:18:27","date_gmt":"2015-03-28T20:18:27","guid":{"rendered":"http:\/\/www.spielmannszug-greffen.de\/?page_id=14"},"modified":"2024-05-05T11:08:42","modified_gmt":"2024-05-05T09:08:42","slug":"test-4","status":"publish","type":"page","link":"https:\/\/www.spielmannszug-greffen.de\/?page_id=14","title":{"rendered":"Bilder &#038; Medien"},"content":{"rendered":"<ul class=\"lcp_catlist\" id=\"lcp_instance_0\"><li><a href=\"https:\/\/www.spielmannszug-greffen.de\/?p=1429\">Familientreffen der Musiker &#8211; Kameradschaftsabend 2026<\/a>  10. April 2026<\/li><li><a href=\"https:\/\/www.spielmannszug-greffen.de\/?p=1418\">R\u00fcckblicke, Ehrungen und Ausblick auf das Spieljahr 2026<\/a>  30. Januar 2026<\/li><li><a href=\"https:\/\/www.spielmannszug-greffen.de\/?p=1400\">27.09.2025 &#8211; 75 Jahre Spielmannszug Greffen \u2013 Gro\u00dfes Jubil\u00e4umsfest im Sch\u00fctzenbusch<\/a>  15. September 2025<\/li><li><a href=\"https:\/\/www.spielmannszug-greffen.de\/?p=1360\">Zu Gast beim Gaufest in Feldwies am Chiemsee<\/a>  10. August 2025<\/li><li><a href=\"https:\/\/www.spielmannszug-greffen.de\/?p=1339\">Bauernmarkt auf dem Fachwerk-Hof Hemkemeyer \u2013 Ein Fest f\u00fcr die ganze Familie<\/a>  18. Mai 2025<\/li><li><a href=\"https:\/\/www.spielmannszug-greffen.de\/?p=1333\">Jubilare geehrt, Neuaufnahmen und gro\u00dfes Jubil\u00e4um im Fokus<\/a>  1. April 2025<\/li><li><a href=\"https:\/\/www.spielmannszug-greffen.de\/?p=1308\">Spielmannszug trauert um Josef Amsbeck<\/a>  27. Oktober 2024<\/li><li><a href=\"https:\/\/www.spielmannszug-greffen.de\/?p=1303\">Offene Probe am Montag, den 04. November 2024<\/a>  8. Oktober 2024<\/li><li><a href=\"https:\/\/www.spielmannszug-greffen.de\/?p=1276\">Greffener Bauernmarkt am Sonntag \u2013 Ein Fest mit Tradition und Handwerkskunst<\/a>  12. Juni 2024<\/li><li><a href=\"https:\/\/www.spielmannszug-greffen.de\/?p=1247\">Ehrungen und Bauernmarkt beim Spielmannszug Greffen<\/a>  4. Mai 2024<\/li><li><a href=\"https:\/\/www.spielmannszug-greffen.de\/?p=1230\">Erwachsenenbildung &#8211; Ausbildungsstart an der Querfl\u00f6te am 06. Februar 2024 um 19 Uhr<\/a>  3. Februar 2024<\/li><li><a href=\"https:\/\/www.spielmannszug-greffen.de\/?p=1203\">Offene Probe am Dienstag, den 16. Januar 2024 &#8211; Musikalischer Ausbildungsstart im Spielmannszug Greffen<\/a>  10. Januar 2024<\/li><li><a href=\"https:\/\/www.spielmannszug-greffen.de\/?p=1089\">Sch\u00fctzenfest- und Heimatfest 2023 im sch\u00f6nsten Dorf der Welt<\/a>  27. Juni 2023<\/li><li><a href=\"https:\/\/www.spielmannszug-greffen.de\/?p=1046\">100 Jahre Spielmannszug Ahrweiler &#8211; Wenn aus Fremde Freunde werden<\/a>  22. Mai 2023<\/li><li><a href=\"https:\/\/www.spielmannszug-greffen.de\/?p=1067\">Fazit zum Bauernmarkt 2023<\/a>  16. Mai 2023<\/li><li><a href=\"https:\/\/www.spielmannszug-greffen.de\/?p=1023\">Spende der Volksbank Harsewinkel \u2013 Mit neuer Pauke in die Spiel-Saison<\/a>  28. April 2023<\/li><li><a href=\"https:\/\/www.spielmannszug-greffen.de\/?p=1007\">Spielmannszug Greffen kehrt nach Corona zur Routine zur\u00fcck<\/a>  26. M\u00e4rz 2023<\/li><li><a href=\"https:\/\/www.spielmannszug-greffen.de\/?p=960\">Wir trauern um Paul Br\u00fcgge<\/a>  5. Dezember 2022<\/li><li><a href=\"https:\/\/www.spielmannszug-greffen.de\/?p=956\">Wir suchen Dich &#8211; Ausbildungsstart am 16.08.2022<\/a>  10. August 2022<\/li><li><a href=\"https:\/\/www.spielmannszug-greffen.de\/?p=943\">Bildernachlese zum Bauernmarkt 2022<\/a>  25. Juni 2022<\/li><li><a href=\"https:\/\/www.spielmannszug-greffen.de\/?p=934\">Bauernmarkt in Greffen am 12. Juni 2022<\/a>  29. Mai 2022<\/li><li><a href=\"https:\/\/www.spielmannszug-greffen.de\/?p=929\">Spielmannszug ehrt und plant den Greffener Bauernmarkt<\/a>  23. Mai 2022<\/li><li><a href=\"https:\/\/www.spielmannszug-greffen.de\/?p=894\">Pfingsten 2021<\/a>  23. Mai 2021<\/li><li><a href=\"https:\/\/www.spielmannszug-greffen.de\/?p=867\">Jahresr\u00fcckblick 2020<\/a>  24. Dezember 2020<\/li><li><a href=\"https:\/\/www.spielmannszug-greffen.de\/?p=859\">70 Jahre Spielmannszug Greffen &#8211; Kalt-Start-Konzert in Meier\u00b4s Busch<\/a>  4. Oktober 2020<\/li><li><a href=\"https:\/\/www.spielmannszug-greffen.de\/?p=852\">\u201eKalt-Start\u201c Konzert am 27. September 2020 um 11 Uhr in Meiers Busch<\/a>  20. September 2020<\/li><li><a href=\"https:\/\/www.spielmannszug-greffen.de\/?p=846\">Absage des Greffener Bauernmarktes<\/a>  24. April 2020<\/li><li><a href=\"https:\/\/www.spielmannszug-greffen.de\/?p=838\">Gro\u00dfe L\u00f6sung f\u00fcr Kolpingheim geplant<\/a>  4. Februar 2020<\/li><li><a href=\"https:\/\/www.spielmannszug-greffen.de\/?p=774\">Bauernmarkt in Greffen am 21. Juni 2020 \u2013 Erste Informationen<\/a>  27. Januar 2020<\/li><li><a href=\"https:\/\/www.spielmannszug-greffen.de\/?p=763\">Vorstandswahlen, Neuaufnahmen und verdiente Ehrungen auf der Generalversammlung<\/a>  19. Januar 2020<\/li><li><a href=\"https:\/\/www.spielmannszug-greffen.de\/?p=749\">R\u00fcckblick auf das Spieljahr 2019<\/a>  17. Dezember 2019<\/li><li><a href=\"https:\/\/www.spielmannszug-greffen.de\/?p=739\">Spielmannszug trauert um Josef Br\u00fcgge (Gr\u00fcndungsmitglied)<\/a>  29. Juni 2019<\/li><li><a href=\"https:\/\/www.spielmannszug-greffen.de\/?p=735\">Bauernmarkt in Greffen ein Besuchermagnet<\/a>  18. Juni 2019<\/li><li><a href=\"https:\/\/www.spielmannszug-greffen.de\/?p=731\">Bauernmarkt in Greffen am 16. Juni auf dem Hof Hemkemeyer<\/a>  13. Juni 2019<\/li><li><a href=\"https:\/\/www.spielmannszug-greffen.de\/?p=726\">Spielmannszug reist mit 120 Greffenern zum Sch\u00fctzenfest nach Elbergen<\/a>  27. Mai 2019<\/li><li><a href=\"https:\/\/www.spielmannszug-greffen.de\/?p=722\">Mit neuen St\u00fccken in die Saison<\/a>  11. April 2019<\/li><li><a href=\"https:\/\/www.spielmannszug-greffen.de\/?p=711\">Spielmannszug unterst\u00fctzt Dorfs\u00e4uberungsaktion und wird f\u00fcndig<\/a>  6. April 2019<\/li><li><a href=\"https:\/\/www.spielmannszug-greffen.de\/?p=699\">Karneval 2019 in Harsewinkel und Warendorf<\/a>  5. M\u00e4rz 2019<\/li><li><a href=\"https:\/\/www.spielmannszug-greffen.de\/?p=685\">Generalversammlung Spielmannszug Greffen \u2013 Wahlen, Ehrungen und vieles mehr<\/a>  29. Januar 2019<\/li><li><a href=\"https:\/\/www.spielmannszug-greffen.de\/?p=642\">Jahresr\u00fcckblick 2018<\/a>  28. Dezember 2018<\/li><li><a href=\"https:\/\/www.spielmannszug-greffen.de\/?p=633\">Bauernmarkt in Greffen am 16.06.2019 \u2013 Erste Informationen<\/a>  23. November 2018<\/li><li><a href=\"https:\/\/www.spielmannszug-greffen.de\/?p=616\">Rustikaler Bauernmarkt am Ems Radweg am 10. Juni 2018<\/a>  16. Mai 2018<\/li><li><a href=\"https:\/\/www.spielmannszug-greffen.de\/?p=602\">Maibaumfest am 30. April<\/a>  1. Mai 2018<\/li><li><a href=\"https:\/\/www.spielmannszug-greffen.de\/?p=594\">Nachwuchswerbung &#8211; Wir suchen dich!<\/a>  30. April 2018<\/li><li><a href=\"https:\/\/www.spielmannszug-greffen.de\/?p=587\">Ein Wochenende im Zeichen der Musik<\/a>  2. April 2018<\/li><li><a href=\"https:\/\/www.spielmannszug-greffen.de\/?p=579\">Die vorgezogene Dorfs\u00e4uberung<\/a>  23. M\u00e4rz 2018<\/li><li><a href=\"https:\/\/www.spielmannszug-greffen.de\/?p=572\">Karneval 2018<\/a>  13. Februar 2018<\/li><li><a href=\"https:\/\/www.spielmannszug-greffen.de\/?p=532\">Generalversammlung 2018 &#8211; R\u00fcckblicke, Ehrungen und vieles mehr<\/a>  22. Januar 2018<\/li><li><a href=\"https:\/\/www.spielmannszug-greffen.de\/?p=528\">Bauernmarkt in Greffen am 10.06.2018 \u2013 Anmeldung<\/a>  11. Dezember 2017<\/li><li><a href=\"https:\/\/www.spielmannszug-greffen.de\/?p=517\">Koblenz \u2013 Spielmannszugsausflug 2017<\/a>  18. Oktober 2017<\/li><li><a href=\"https:\/\/www.spielmannszug-greffen.de\/?p=495\">Spielreiches Wochenende am 01. &#038; 02. Juli 2017<\/a>  4. Juli 2017<\/li><li><a href=\"https:\/\/www.spielmannszug-greffen.de\/?p=485\">Gl\u00fcckliche Gesichter beim Bauernmarkt<\/a>  14. Juni 2017<\/li><li><a href=\"https:\/\/www.spielmannszug-greffen.de\/?p=479\">6. Greffener Bauernmarkt (11. Juni 2017)<\/a>  9. Juni 2017<\/li><li><a href=\"https:\/\/www.spielmannszug-greffen.de\/?p=461\">Spieltermin: Sch\u00fctzenfest in Greffen<\/a>  9. Juni 2017<\/li><li><a href=\"https:\/\/www.spielmannszug-greffen.de\/?p=444\">Spieltermin: Sch\u00fctzenfest in Borgholzhausen<\/a>  31. Mai 2017<\/li><li><a href=\"https:\/\/www.spielmannszug-greffen.de\/?p=435\">Spielmannszug \u00fcbt bald wieder im Greffener Kolpingheim<\/a>  9. Mai 2017<\/li><li><a href=\"https:\/\/www.spielmannszug-greffen.de\/?p=431\">Spielmannszug Greffen auf Facebook vertreten<\/a>  18. April 2017<\/li><li><a href=\"https:\/\/www.spielmannszug-greffen.de\/?p=422\">Probewochenende in der Grundschule<\/a>  13. M\u00e4rz 2017<\/li><li><a href=\"https:\/\/www.spielmannszug-greffen.de\/?p=413\">Generalversammlung &#8211; Ehrungen und Neuaufnahmen beim Spielmannszug Greffen<\/a>  2. M\u00e4rz 2017<\/li><li><a href=\"https:\/\/www.spielmannszug-greffen.de\/?p=371\">Greffener Vereineschie\u00dfen &#8211; Ehemalige Jungsch\u00fctzen siegen in der Mannschaftswertung &#8211; Spielmannszug bei der Jugend auf dem 1. Platz<\/a>  29. November 2016<\/li><li><a href=\"https:\/\/www.spielmannszug-greffen.de\/?p=363\">Bauernmarkt  in Greffen am 11.06.2017 &#8211; Anmeldung<\/a>  28. November 2016<\/li><li><a href=\"https:\/\/www.spielmannszug-greffen.de\/?p=359\">Silbernes Priesterjubil\u00e4um von Pater Paul<\/a>  21. November 2016<\/li><li><a href=\"https:\/\/www.spielmannszug-greffen.de\/?p=353\">Spielmannszug &#8211; Spende in Instrumente investiert<\/a>  24. September 2016<\/li><li><a href=\"https:\/\/www.spielmannszug-greffen.de\/?p=326\">Sommerzelten auf dem Hof Schmitfranz<\/a>  24. August 2016<\/li><li><a href=\"https:\/\/www.spielmannszug-greffen.de\/?p=317\">Wir trauern um Walter L\u00fcffe<\/a>  18. Juni 2016<\/li><li><a href=\"https:\/\/www.spielmannszug-greffen.de\/?p=311\">Greffener Bauernmarkt &#8211; Bis zum Unwetter kommen viele auf ihre Kosten<\/a>  14. Juni 2016<\/li><li><a href=\"https:\/\/www.spielmannszug-greffen.de\/?p=306\">Greffener Bauernmarkt &#8211; Musik, Handwerk und Kochkunst<\/a>  9. Juni 2016<\/li><li><a href=\"https:\/\/www.spielmannszug-greffen.de\/?p=297\">Plakakt zum kommenden Bauernmarkt am 12. Juni 2016<\/a>  10. Mai 2016<\/li><li><a href=\"https:\/\/www.spielmannszug-greffen.de\/?p=291\">Sch\u00fctzenfest-Probe bei Regen und 3\u00b0C<\/a>  27. April 2016<\/li><li><a href=\"https:\/\/www.spielmannszug-greffen.de\/?p=277\">Spielmannszug \u201eIn Treue fest\u201c &#8211; Mario Fritsche gibt den Ton an<\/a>  26. Februar 2016<\/li><li><a href=\"https:\/\/www.spielmannszug-greffen.de\/?p=266\">N\u00e4rrisches Treiben in Harsewinkel &#8211; Absage in Warendorf<\/a>  9. Februar 2016<\/li><li><a href=\"https:\/\/www.spielmannszug-greffen.de\/?p=224\">Frohes neues Jahr 2016!<\/a>  1. Januar 2016<\/li><li><a href=\"https:\/\/www.spielmannszug-greffen.de\/?p=167\">Bauernmarkt lockt Massen zum Hof Hemkemeyer<\/a>  2. Juni 2015<\/li><li><a href=\"https:\/\/www.spielmannszug-greffen.de\/?p=172\">25 Aussteller locken zum Bauernmarkt<\/a>  28. Mai 2015<\/li><li><a href=\"https:\/\/www.spielmannszug-greffen.de\/?p=174\">Spielmannszug probt flei\u00dfig<\/a>  25. April 2015<\/li><li><a href=\"https:\/\/www.spielmannszug-greffen.de\/?p=176\">Greffener Spielmannszug Zum 44. mal im Warendorfer Karnevalsgeschehen dabei<\/a>  17. Februar 2015<\/li><li><a href=\"https:\/\/www.spielmannszug-greffen.de\/?p=179\">Clemens Br\u00fcgge h\u00e4lt 50 Jahre treu und fest zum Spielmannszug<\/a>  14. Februar 2015<\/li><li><a href=\"https:\/\/www.spielmannszug-greffen.de\/?p=181\">Nachwuchsmusiker werden gesucht<\/a>  15. Januar 2015<\/li><li><a href=\"https:\/\/www.spielmannszug-greffen.de\/?p=183\">Spielmannszug erkundet Hamburg<\/a>  17. Oktober 2014<\/li><li><a href=\"https:\/\/www.spielmannszug-greffen.de\/?p=185\">Tiere, Technik, Teebaumsalbe und viel Trubel<\/a>  28. Mai 2014<\/li><li><a href=\"https:\/\/www.spielmannszug-greffen.de\/?p=188\">Gute Prognosen f\u00fcr den Bauernmarkt<\/a>  23. Mai 2014<\/li><li><a href=\"https:\/\/www.spielmannszug-greffen.de\/?p=190\">Drei neue Mitglieder im Spielmannszug<\/a>  22. Januar 2014<\/li><li><a href=\"https:\/\/www.spielmannszug-greffen.de\/?p=192\">\u201eRegentanz\u201c zum Bauernmarkt<\/a>  28. Mai 2013<\/li><li><a href=\"https:\/\/www.spielmannszug-greffen.de\/?p=194\">Rustikaler Bauernmarkt mit Klompen, Kuchen und Kl\u00e4ngen<\/a>  24. Mai 2013<\/li><li><a href=\"https:\/\/www.spielmannszug-greffen.de\/?p=196\">Spielmannszug organisiert am 26. Mai Greffener Bauernmarkt<\/a>  13. Februar 2013<\/li><li><a href=\"https:\/\/www.spielmannszug-greffen.de\/?p=198\">Buntes Treiben unter den m\u00e4chtigen Kastanien<\/a>  15. Mai 2012<\/li><li><a href=\"https:\/\/www.spielmannszug-greffen.de\/?p=200\">Bauernmarkt mit einem Claas-Oldie<\/a>  9. Mai 2012<\/li><li><a href=\"https:\/\/www.spielmannszug-greffen.de\/?p=203\">Mario Fritsche hat weiterhin das sagen<\/a>  27. Januar 2012<\/li><li><a href=\"https:\/\/www.spielmannszug-greffen.de\/?p=206\">Spielmannszug diskutiert in D\u00fcsseldorf<\/a>  3. November 2011<\/li><\/ul>\n","protected":false},"excerpt":{"rendered":"","protected":false},"author":1,"featured_media":0,"parent":0,"menu_order":6,"comment_status":"closed","ping_status":"closed","template":"","meta":{"footnotes":""},"class_list":["post-14","page","type-page","status-publish","hentry"],"_links":{"self":[{"href":"https:\/\/www.spielmannszug-greffen.de\/index.php?rest_route=\/wp\/v2\/pages\/14","targetHints":{"allow":["GET"]}}],"collection":[{"href":"https:\/\/www.spielmannszug-greffen.de\/index.php?rest_route=\/wp\/v2\/pages"}],"about":[{"href":"https:\/\/www.spielmannszug-greffen.de\/index.php?rest_route=\/wp\/v2\/types\/page"}],"author":[{"embeddable":true,"href":"https:\/\/www.spielmannszug-greffen.de\/index.php?rest_route=\/wp\/v2\/users\/1"}],"replies":[{"embeddable":true,"href":"https:\/\/www.spielmannszug-greffen.de\/index.php?rest_route=%2Fwp%2Fv2%2Fcomments&post=14"}],"version-history":[{"count":2,"href":"https:\/\/www.spielmannszug-greffen.de\/index.php?rest_route=\/wp\/v2\/pages\/14\/revisions"}],"predecessor-version":[{"id":165,"href":"https:\/\/www.spielmannszug-greffen.de\/index.php?rest_route=\/wp\/v2\/pages\/14\/revisions\/165"}],"wp:attachment":[{"href":"https:\/\/www.spielmannszug-greffen.de\/index.php?rest_route=%2Fwp%2Fv2%2Fmedia&parent=14"}],"curies":[{"name":"wp","href":"https:\/\/api.w.org\/{rel}","templated":true}]}}